-5*i + 565. What is the units digit of h?
5
Suppose 4*m + w = 1224, m + 0*m + w - 309 = 0. Suppose 0*f + 410 = 4*t - f, -3*t + m = -2*f. What is the tens digit of t?
0
Let a = 5 + -2. Suppose -a*w + 128 = w. Suppose -s - 2*s = -2*o - w, 5*s - o - 44 = 0. What is the units digit of s?
8
Suppose 12*w = -8*w + 240. Suppose 60 = 3*a - 2*a - 4*m, 5 = 5*m. Suppose -a = 11*r - w*r. What is the units digit of r?
4
Suppose -2*n - 13 = -5, -n = 2*v - 2716. What is the units digit of v?
0
Suppose -11 + 2 = -3*i. Suppose 0 = -c + 2*p - 1, 0*c = -i*c - 3*p - 39. Let h = c - -31. What is the units digit of h?
2
Let a(d) be the second derivative of -d**5/20 - d**4/6 - 5*d**3/2 - 21*d**2/2 + 24*d. What is the units digit of a(-5)?
9
Suppose -y + 309 = 4*g - 287, -5*g = -4*y - 724. Let u(o) = o + 11. Let f be u(-8). Suppose -m - f*m + g = 0. What is the units digit of m?
7
Suppose 0 = a + 5 - 7. What is the tens digit of 2/4 + 107/a?
5
Let a(x) = x**2 + 10*x + 36. What is the tens digit of a(-27)?
9
Let o = -141 + 197. Let q = o + -39. What is the units digit of ((-4)/(-2))/(2/q)?
7
Suppose 2*k - q - 5097 = 0, -1317 = -k + 5*q + 1245. What is the thousands digit of k?
2
Let t = 18 - 16. Suppose 4*h - 426 = -t*h. What is the tens digit of h?
7
Suppose -11*t + 4693 = 8*t. What is the tens digit of t?
4
What is the tens digit of -60*(-4)/(-8)*38/(-5)?
2
Let c = -15 - -9. What is the units digit of (84/8)/((-3)/c)?
1
Let v = -1500 - -2615. What is the thousands digit of v?
1
Suppose 10360 = -2553*q + 2558*q. What is the hundreds digit of q?
0
Suppose -2*c + 94 = -88. Suppose -2*w = -4*x - 5*w + 29, w = 3*x - 12. Suppose 0 = -x*y + 2*g + c, 4*g - 39 = y - 4*y. What is the units digit of y?
7
Suppose -4*w + 4 = -5*w, -3*w + 593 = t. What is the tens digit of t?
0
Suppose -10 = -2*b - 2*a, -8*a + 3*a - 15 = -3*b. Suppose i = 15 - b. Let r = 14 - i. What is the units digit of r?
4
Let g = -2214 - -3150. What is the units digit of g?
6
Suppose h - 2*s - 3*s + 2 = 0, 6 = 3*h - 3*s. What is the tens digit of ((-114)/10)/(h/(-30))?
1
Let s(i) = -i**2 + 11*i - 6. Let c be s(4). What is the tens digit of (6/1)/(c/209)?
5
Let s(t) = -17*t - 208. What is the units digit of s(-14)?
0
Suppose 7*j = 4*j. Suppose 3*q - 5*c = -0*q + 242, 5*q - 2*c - 416 = j. Suppose 3*i - i = q. What is the tens digit of i?
4
Suppose -2*g - 182 = -4*g. Let q = g + -48. Suppose -4*r - 5*c = -q, 3*c = -5*r + 58 - 1. What is the units digit of r?
2
Let g(b) be the third derivative of -b**5/60 - 13*b**4/24 - 4*b**3/3 - b**2. Let p(k) = 16*k - 107. Let j be p(6). What is the units digit of g(j)?
4
What is the tens digit of 14/(196/43995) - (-1)/(-2)?
4
What is the hundreds digit of ((100/(-30))/(-10))/((-4)/(-19044))?
5
Suppose -9 + 17 = u. Suppose p = u*p - 287. What is the tens digit of p?
4
Suppose v + 2*b = 186, -4*v - 4*b = -159 - 601. Let h = v - 113. What is the units digit of h?
1
Suppose -1 = -8*q + 623. What is the units digit of 4 - q/(1 + (-10)/8)?
6
Let r be (-16)/20*(-10)/4. Let c be r - 1 - (-6 - -5). What is the units digit of c*5*12/30?
4
Suppose -56 = 2*a - 20. Suppose -3*k = 2*j + 8, -8 = 2*j + 2*k + 3*k. Let g = j - a. What is the tens digit of g?
1
What is the units digit of 754 + 1 + (4 - 3)?
6
Let m = 3324 - 320. What is the thousands digit of m?
3
Let q(o) = -4*o**3 - 15*o**2 + 21*o + 123. What is the units digit of q(-9)?
5
Let f = -1416 + 2255. What is the hundreds digit of f?
8
Let c(y) = -4 + 0*y + 34*y + 0 + y. Let b be c(3). Suppose -b = -4*f - 13. What is the tens digit of f?
2
Suppose -3*s + 0*s + 90 = 0. Let h be (2/6)/(5/75). Suppose s = h*j - 2*j. What is the units digit of j?
0
Let z = -7 - -20. Suppose -4*k + k = -5*f - z, 3*k + 4*f + 5 = 0. What is the units digit of (k/4)/((-7)/(-196))?
7
Let q = 2 - 31. Let v = -26 - q. What is the units digit of v?
3
Let d(q) be the first derivative of 53*q**3/3 + 7*q**2/2 + 9*q - 8. What is the tens digit of d(-2)?
0
Suppose -3*k - r + 0*r = -113, 3*k = 3*r + 105. Let x = k - -98. What is the tens digit of x?
3
What is the tens digit of -10 + 8 - 0 - -790?
8
Let u = 32 + -28. Suppose -4*c - 5*b + 104 = 0, c - 2*b + b = 17. Suppose -c - 19 = -u*z. What is the units digit of z?
0
Let m be 3/(3/(-4) + 0). Let x = m + 8. What is the tens digit of (-40)/(-5)*14/x?
2
Let t be (1 - 1)/(4 - 3) + 6. Suppose -2*i = -t*i + 784. What is the units digit of i?
6
Suppose 5*b - 17 = 3*l + 103, -b + 24 = -4*l. Let h = b - -69. What is the units digit of h?
3
Let z(m) = -m**3 - 6*m**2 + 4*m - 4. Suppose -9*b = -4*b + 40. Let o be z(b). Suppose 5*d + o = -3*g + 6*g, 128 = 5*g - 2*d. What is the tens digit of g?
2
Suppose 4*g - 2*k + 7 = -5, 0 = -2*k. What is the units digit of 788/8 - g/(-2)?
7
Let k = -465 - -996. What is the units digit of k?
1
Let x = -8 + 17. Let r(s) be the third derivative of -s**5/60 + s**4/2 - 7*s**3/6 - 2*s**2. What is the units digit of r(x)?
0
Let d(c) = -c**3 + 8*c**2 - c + 4. Let f be d(6). Let a(x) = -x**2 + 8*x - 7. Let w be a(10). Let y = w + f. What is the tens digit of y?
4
Let k = 13956 - 8364. What is the units digit of k?
2
Suppose 3*r - 24*r = -6825. What is the tens digit of r?
2
Suppose -108 = -t - 100. Suppose -4*b + b + r + t = 0, 4*b - r = 11. What is the units digit of b?
3
Let t = -394 - -1100. What is the units digit of t?
6
Suppose 4*s = -3*k, 0*s + s = 2*k. Suppose -307 = -3*l - 5*w + 492, -3*l - 3*w + 795 = k. What is the units digit of l?
3
Let n(k) = -2*k + 4. Let s be n(-7). What is the units digit of 4/(-18) - (-544)/s?
0
Suppose -15*h + 25868 = -15442. What is the hundreds digit of h?
7
Let d be (-175)/28*2*72/(-10). Let q = d + -7. What is the units digit of q?
3
Let a(s) = 3*s + 14. Let d(n) = n + 1. Let v(w) = -a(w) + 2*d(w). Suppose -70 = -0*k + 5*k. What is the units digit of v(k)?
2
Let w be (3730/16 - 5) + 2/(-16). Let h = w - 92. What is the tens digit of h?
3
Let g(t) = -t**2 + 7*t - 3. Let q = -14 + 20. Let d be g(q). Suppose d*y - 5*y = -62. What is the tens digit of y?
3
Let l(t) = t + 12. Let j be l(-6). Suppose -q = -2 - j. Let s = q - 1. What is the units digit of s?
7
Let f be 968 + (3 - 3) + -2. What is the units digit of 33/132 + (1 - f/(-8))?
2
Suppose 49 - 37 = 3*f, -4*f + 5164 = 3*g. What is the thousands digit of g?
1
Let v = -359 - -967. What is the tens digit of v?
0
Let s(r) = r - 7. Let h be s(7). Let d be (-4)/(8/1)*h. Let b = d - -12. What is the units digit of b?
2
Let b(j) = 2*j**3 + 11*j**2 - 12*j - 39. What is the thousands digit of b(7)?
1
Suppose y - 510 = -r, 3*r + 2*r + 1055 = 2*y. Let s = y - 351. What is the hundreds digit of s?
1
Let g = -51 - -149. What is the units digit of g?
8
Let f(w) = 76*w**3 + 4*w**2 - 2*w - 4. What is the units digit of f(2)?
6
Let h be 0/(5*8/20). Let b(v) = -10*v - 4. Let p be b(-6). Suppose p = 3*c + 4*y - 3*y, -2*c - 4*y + 44 = h. What is the tens digit of c?
1
Let s = 4 - 1. Let y be (4 + -5 + -11)/2. What is the tens digit of (56/y)/((-2)/s)?
1
Let t(z) = z**3 - 8*z**2 - 8*z - 5. Let v = -4 + 13. Let p be t(v). Suppose -p*u - 32 + 188 = 0. What is the tens digit of u?
3
Let i(g) = -13*g - 16 + 7*g + 2*g - 2*g. What is the tens digit of i(-13)?
6
Let z(b) = b**3 + 11*b**2 - 7*b - 16. Let n be z(-11). What is the units digit of n/(3/(-12)*-4)?
1
Suppose c - 8*c + 3332 = 0. What is the units digit of c?
6
Let s(q) = q**3 - 18*q**2 + q - 18. Let c be s(18). Suppose 2*a = -5*m + 326 + 107, c = -m + a + 88. What is the tens digit of m?
8
Suppose -3*j = -9, 3*t - 2*j - 3*j = -9. Suppose 0 = 3*r + 6, 4*k + k = -t*r + 496. What is the units digit of k?
0
Let k = -326 + 708. Suppose -7*p + 9*p - k = 0. What is the units digit of p?
1
Let u = -165 - -201. What is the units digit of u?
6
Suppose p = -2*p + 588. What is the tens digit of p?
9
What is the thousands digit of 100*(-6 + 1 + (-237)/(-6))?
3
Suppose -12*p = -11*p - 15. Suppose 0*x = x + 11. Let j = p + x. What is the units digit of j?
4
Let h(q) = q**2 - 17*q + 12. Let y be h(16). What is the units digit of y - (-58 + (-8)/2)?
8
Suppose -4*m - 46 = -b - 0*m, -m - 154 = -4*b. Suppose -b - 18 = -l. What is the tens digit of l?
5
Suppose -4*h - 1590 = -10*h. What is the hundreds digit of h?
2
Suppose 0*m + 3*x + 64 = 4*m, -x = -2*m + 32. What is the units digit of (m/(-20)